lculate the remainder when 2231 is divided by 52.
47
What is the remainder when 522 is divided by 285?
237
What is the remainder when 87 is divided by 23?
18
What is the remainder when 1567 is divided by 9?
1
What is the remainder when 718 is divided by 40?
38
Calculate the remainder when 325 is divided by 33.
28
What is the remainder when 716 is divided by 103?
98
What is the remainder when 1429 is divided by 35?
29
Calculate the remainder when 1478 is divided by 299.
282
What is the remainder when 2224 is divided by 23?
16
Calculate the remainder when 362 is divided by 345.
17
Calculate the remainder when 5526 is divided by 19.
16
What is the remainder when 652 is divided by 6?
4
Calculate the remainder when 3837 is divided by 61.
55
What is the remainder when 159 is divided by 67?
25
Calculate the remainder when 10592 is divided by 99.
98
Calculate the remainder when 1695 is divided by 68.
63
What is the remainder when 1031 is divided by 239?
75
Calculate the remainder when 889 is divided by 30.
19
Calculate the remainder when 21067 is divided by 46.
45
Calculate the remainder when 2742 is divided by 56.
54
What is the remainder when 1123 is divided by 72?
43
Calculate the remainder when 114 is divided by 46.
22
What is the remainder when 1179 is divided by 36?
27
What is the remainder when 105 is divided by 10?
5
What is the remainder when 8880 is divided by 107?
106
What is the remainder when 652 is divided by 94?
88
What is the remainder when 658 is divided by 51?
46
Calculate the remainder when 1360 is divided by 55.
40
Calculate the remainder when 355 is divided by 295.
60
Calculate the remainder when 1049 is divided by 42.
41
What is the remainder when 5046 is divided by 630?
6
Calculate the remainder when 595 is divided by 95.
25
Calculate the remainder when 211 is divided by 108.
103
Calculate the remainder when 6366 is divided by 59.
53
Calculate the remainder when 2269 is divided by 32.
29
What is the remainder when 8963 is divided by 18?
17
Calculate the remainder when 24 is divided by 19.
5
Calculate the remainder when 4104 is divided by 52.
48
Calculate the remainder when 1380 is divided by 292.
212
What is the remainder when 7927 is divided by 17?
5
Calculate the remainder when 958 is divided by 107.
102
Calculate the remainder when 508 is divided by 4.
0
Calculate the remainder when 1626 is divided by 204.
198
What is the remainder when 2393 is divided by 22?
17
Calculate the remainder when 23 is divided by 16.
7
Calculate the remainder when 127 is divided by 100.
27
Calculate the remainder when 753 is divided by 19.
12
What is the remainder when 2519 is divided by 18?
17
What is the remainder when 1842 is divided by 84?
78
What is the remainder when 790 is divided by 132?
130
Calculate the remainder when 1942 is divided by 67.
66
What is the remainder when 22496 is divided by 100?
96
Calculate the remainder when 232 is divided by 31.
15
Calculate the remainder when 6933 is divided by 51.
48
Calculate the remainder when 227 is divided by 9.
2
What is the remainder when 354 is divided by 114?
12
Calculate the remainder when 2908 is divided by 90.
28
What is the remainder when 815 is divided by 10?
5
Calculate the remainder when 40 is divided by 22.
18
Calculate the remainder when 65 is divided by 24.
17
What is the remainder when 206 is divided by 11?
8
What is the remainder when 29201 is divided by 31?
30
What is the remainder when 7083 is divided by 55?
43
What is the remainder when 1480 is divided by 38?
36
What is the remainder when 1226 is divided by 303?
14
Calculate the remainder when 484 is divided by 484.
0
What is the remainder when 61 is divided by 16?
13
What is the remainder when 106 is divided by 34?
4
What is the remainder when 128 is divided by 108?
20
What is the remainder when 300 is divided by 63?
48
Calculate the remainder when 768 is divided by 47.
16
What is the remainder when 22 is divided by 17?
5
What is the remainder when 101 is divided by 58?
43
Calculate the remainder when 356 is divided by 20.
16
What is the remainder when 206 is divided by 16?
14
Calculate the remainder when 540 is divided by 265.
10
Calculate the remainder when 484 is divided by 141.
61
Calculate the remainder when 148 is divided by 23.
10
What is the remainder when 35 is divided by 14?
7
Calculate the remainder when 3948 is divided by 11.
10
What is the remainder when 1746 is divided by 38?
36
What is the remainder when 1924 is divided by 21?
13
What is the remainder when 381 is divided by 24?
21
What is the remainder when 315 is divided by 32?
27
Calculate the remainder when 1475 is divided by 87.
83
Calculate the remainder when 83 is divided by 12.
11
What is the remainder when 738 is divided by 106?
102
What is the remainder when 131 is divided by 37?
20
Calculate the remainder when 2335 is divided by 16.
15
Calculate the remainder when 275 is divided by 70.
65
What is the remainder when 1460 is divided by 43?
41
Calculate the remainder when 3869 is divided by 149.
144
Calculate the remainder when 305 is divided by 51.
50
Calculate the remainder when 717 is divided by 16.
13
Calculate the remainder when 438 is divided by 11.
9
Calculate the remainder when 1818 is divided by 91.
89
What is the remainder when 189 is divided by 12?
9
What is the remainder when 71 is divided by 34?
3
What is the remainder when 369 is divided by 121?
6
Calculate the remainder when 152 is divided by 29.
7
What is the remainder when 555 is divided by 93?
90
Calculate the remainder when 20 is divided by 3.
2
What is the remainder when 5918 is divided by 15?
8
What is the remainder when 262 is divided by 259?
3
What is the remainder when 242 is divided by 13?
8
Calculate the remainder when 317 is divided by 68.
45
What is the remainder when 57 is divided by 24?
9
Calculate the remainder when 970 is divided by 39.
34
Calculate the remainder when 1807 is divided by 436.
63
Calculate the remainder when 978 is divided by 304.
66
What is the remainder when 44 is divided by 5?
4
What is the remainder when 107 is divided by 9?
8
Calculate the remainder when 5741 is divided by 8.
5
Calculate the remainder when 193 is divided by 39.
37
What is the remainder when 3417 is divided by 95?
92
What is the remainder when 21647 is divided by 246?
245
What is the remainder when 10136 is divided by 32?
24
Calculate the remainder when 183 is divided by 37.
35
What is the remainder when 1446 is divided by 1438?
8
What is the remainder when 197 is divided by 8?
5
Calculate the remainder when 38 is divided by 12.
2
Calculate the remainder when 346 is divided by 8.
2
Calculate the remainder when 73 is divided by 7.
3
Calculate the remainder when 46 is divided by 11.
2
Calculate the remainder when 380 is divided by 103.
71
What is the remainder when 2074 is divided by 1030?
14
What is the remainder when 289 is divided by 29?
28
Calculate the remainder when 1493 is divided by 466.
95
Calculate the remainder when 4136 is divided by 46.
42
Calculate the remainder when 3924 is divided by 1304.
12
What is the remainder when 48 is divided by 7?
6
What is the remainder when 1165 is divided by 30?
25
Calculate the remainder when 109 is divided by 42.
25
What is the remainder when 303 is divided by 75?
3
Calculate the remainder when 441 is divided by 148.
145
Calculate the remainder when 94 is divided by 93.
1
What is the remainder when 1529 is divided by 350?
129
Calculate the remainder when 4270 is divided by 48.
46
Calculate the remainder when 113 is divided by 21.
8
Calculate the remainder when 182 is divided by 4.
2
What is the remainder when 189 is divided by 15?
9
What is the remainder when 249 is divided by 74?
27
Calculate the remainder when 2084 is divided by 24.
20
What is the remainder when 143 is divided by 9?
8
What is the remainder when 205 is divided by 73?
59
What is the remainder when 444 is divided by 11?
4
What is the remainder when 712 is divided by 177?
4
Calculate the remainder when 990 is divided by 121.
22
Calculate the remainder when 5807 is divided by 39.
35
Calculate the remainder when 118 is divided by 9.
1
What is the remainder when 51 is divided by 19?
13
What is the remainder when 145 is divided by 58?
29
Calculate the remainder when 3941 is divide